.
2, 5
Suppose 2*l = -2*h - l - 9, 0 = -2*l - 6. Let q = -12 + h. List the prime factors of 172/6 - q/(-18).
2, 7
Let r(z) = 62*z + 433. What are the prime factors of r(32)?
2417
Let n = 9888 + -6411. What are the prime factors of n?
3, 19, 61
Let y(u) = -1965*u - 54. What are the prime factors of y(-2)?
2, 3, 17, 19
Suppose 7 - 24 = -i. Let q(d) = d**3 + 8*d**2 + 9*d + 1. Let m be q(-7). Let n = m + i. What are the prime factors of n?
2
Suppose -31 = 3*q - 28. Let p(y) = -6*y. What are the prime factors of p(q)?
2, 3
Suppose -11280 = -3*g + 3*a, -2*g - 5*a = -0*a - 7492. What are the prime factors of g?
2, 3, 313
Suppose -b + 73 = 2*b - d, 4*b = -5*d + 110. Suppose -3*x - 4 = -b. List the prime factors of 29/1 + -8 + x.
2, 7
Let y(i) = 2*i + 3. Let m(c) = 5*c**2 - 8*c - 4. Let r(v) = -11*v**2 + 16*v + 8. Let n(g) = -13*m(g) - 6*r(g). Let o be n(-8). List the prime factors of y(o).
11
List the prime factors of (-416)/65*(0 - 3 - 97).
2, 5
Suppose -5*p = -3*y - 301 + 57, 0 = y - 4*p + 72. List the prime factors of 30/(-20)*y/6.
2, 11
Let s(w) = 16*w**2 - 16*w - 12. List the prime factors of s(-7).
2, 13, 17
Let d = 18 + -11. Suppose 4*h - d - 21 = 0. Suppose -q - h = -9. What are the prime factors of q?
2
Suppose 3 = -7*x + 17. Suppose x*y - 428 = 200. List the prime factors of y.
2, 157
Suppose n = 2*m + 4*n - 27, 0 = m - 2*n - 17. Suppose -18*p = -m*p - 273. List the prime factors of p.
7, 13
Let m be (-10)/(-6) - 1/(-3). Let i(p) = m - 2*p + 0 + 3*p**2 - p**3 + 2*p**2. What are the prime factors of i(4)?
2, 5
Let x = 5342 + -1618. What are the prime factors of x?
2, 7, 19
Let y be ((-22)/(-3))/((-1)/(-3)). Let f be 16/88 + (-70)/y. List the prime factors of ((-2)/f)/((-4)/(-24)).
2
Let a be (60/(-8))/(9/(-12)). Suppose 0 = 11*v - a*v - 4. Suppose o - 220 = -v*o. What are the prime factors of o?
2, 11
Let u be (-2)/9 + (-4792)/(-18). Let c = 374 - u. What are the prime factors of c?
2, 3
Suppose 25 + 2 = r. What are the prime factors of (r*(-4)/(-12))/(6/20)?
2, 3, 5
Let y(u) = u**2 - 15*u - 49. Let c be y(20). Suppose 0 = -2*s + 8 + 2. Suppose -p - c = -s*w + 65, -2*w - 2*p + 44 = 0. List the prime factors of w.
23
Suppose 89 = 5*r + 9. Let n be ((0 - 0)/(-2))/(-1). Suppose n = -a + 12 + r. What are the prime factors of a?
2, 7
Suppose 12 - 78 = -3*s. Suppose v - 33 = 3*m + s, -3*v - 4*m = -230. What are the prime factors of v?
2, 5, 7
Let v(s) = s**3 - 3*s**2 - 6*s + 10. Let m be v(4). Suppose -m = a - 9. What are the prime factors of a?
7
Let i = -4912 - -8514. What are the prime factors of i?
2, 1801
Suppose 16*r - 51912 = -40*r. What are the prime factors of r?
3, 103
Let l be 21/15 - (-14)/(-35). Let r = 11 + l. List the prime factors of r.
2, 3
Suppose 5*q + 3*s - 6*s - 8 = 0, -3*s - 3 = 0. Let a be (-3 - -2) + (-3)/q. List the prime factors of 138/12 + 2/a.
11
Let b(j) = -2*j**3 - 8*j**2 + 12*j + 13. Let f be (-1)/((12/112)/(3/4)). What are the prime factors of b(f)?
223
Suppose -11*a + 21*a - 23140 = 0. List the prime factors of a.
2, 13, 89
Let u(w) = -9*w**3 - 32*w**2 - 5*w + 18. What are the prime factors of u(-7)?
2, 3, 131
List the prime factors of ((-14)/(-8) - 2)/((-84)/756336).
2251
Suppose b - 1762 = -j, -7874 = -4*b - 2*j - 822. What are the prime factors of b?
2, 3, 7
Let l(s) = 26*s + 122. List the prime factors of l(26).
2, 3, 7, 19
Let w(c) be the third derivative of -c**6/120 + c**5/10 - 5*c**4/24 + c**3/2 + 2*c**2. Let b be w(5). Let y = b + 11. List the prime factors of y.
2, 7
Let s = -56 - -58. Suppose 362 = 2*u + h - 5*h, -s*u + 366 = -5*h. List the prime factors of u.
173
Suppose -11660 = -14*c + 4468. List the prime factors of c.
2, 3
Let w = -254 - -693. What are the prime factors of w?
439
Suppose 2*n = 2*l - 10, 0*l - l = -4*n - 17. Let h be n/(-14) - 654/(-14). Suppose 0 = 3*r + 15, -r + 150 = 4*s + h. What are the prime factors of s?
3
Let n(c) be the second derivative of -59*c**3/6 - 16*c**2 - 10*c. List the prime factors of n(-3).
5, 29
Suppose -2*w - 2*w - 180 = -x, -6 = -2*w. Suppose -j - 2*j + x = 0. List the prime factors of j.
2
What are the prime factors of (3 - 105/40) + 11930/16?
2, 373
Suppose k + 4*x = 4*k - 19, 0 = -k - 4*x - 15. What are the prime factors of (-4*(-7)/56)/(k/124)?
2, 31
Suppose 4*a + 3*p - 91 = -2666, -p = -5*a - 3233. List the prime factors of 24/(-32) - a/8.
2, 5
Let x = 32 + -26. What are the prime factors of (x/4)/(2/44)?
3, 11
Let n(l) = -23 + 77*l**2 + 23. What are the prime factors of n(1)?
7, 11
Suppose 5*w = -5*q + q + 280, 2*w - 3*q - 89 = 0. What are the prime factors of w?
2, 13
Suppose -2*s = v + 3*s - 4257, 0 = 3*v + 3*s - 12807. What are the prime factors of v?
2, 3, 89
Let y(g) = 7*g**2 - 3. Suppose 0 = -3*j + j + 12. Let q(w) = 6*w**2 + w - 3. Let l(d) = j*q(d) - 5*y(d). What are the prime factors of l(-7)?
2
Suppose -3*h + 2936 = 2*c, 676 + 6626 = 5*c - 2*h. What are the prime factors of c?
2, 17, 43
Let m = -48 - -27. Let x = 22 + m. What are the prime factors of x*55 + (-9 - -7)?
53
Let u = 7 + 23. Let h = 6 + u. List the prime factors of h.
2, 3
Let k(i) = -21*i - 20. Let w be k(-6). Let c = -87 + w. What are the prime factors of c?
19
Let n(p) be the second derivative of -p**3/3 + 6*p**2 + 12*p. List the prime factors of n(-12).
2, 3
Let o(x) = 50*x - 9. Let p be o(2). Suppose -v + 3 = 0, -2*i + i - 2*v + p = 0. What are the prime factors of i?
5, 17
Suppose -3*j - 5*c = 104, -j - 3*c = j + 68. Let l be 164/j + 3/(-21). Let w(z) = z**2 - 4*z - 10. What are the prime factors of w(l)?
2, 5
Let j be ((-6)/4 + (7 - 5))*-2. List the prime factors of 25*1 - (3 + j).
23
What are the prime factors of 28/(-70) - (-19557)/5?
3911
Suppose 196 = x + 3*j, 0*j - j - 1044 = -5*x. List the prime factors of x.
2, 13
Suppose -4*l + m = -65, -3*l + 6*m = 7*m - 47. Suppose -l*a + 873 + 2391 = 0. What are the prime factors of a?
2, 3, 17
Suppose 3*d - 3*z = -4*z + 14, 5*d - 30 = -3*z. Suppose o - i = -d*o + 553, -3*i - 141 = -o. List the prime factors of o.
2, 3, 23
Let n = -18 + 4. Let k = 19 + n. Suppose k*q - q - 61 = -i, -4*i = -2*q - 244. List the prime factors of i.
61
Let z be 90/(-12)*(-4)/6. Suppose z*d - 6*d = -2. Suppose 3*o + d*a + 3*a = 138, 4*o - 4*a = 184. List the prime factors of o.
2, 23
Let q(l) = 21*l**2 - 4*l + 1. Let r be 16/24 - 8/3. List the prime factors of q(r).
3, 31
Suppose -2*w - p = p - 2, -5*p - 3 = -3*w. What are the prime factors of (4/w - 2)*60?
2, 3, 5
Let q = -1158 + 2096. What are the prime factors of q?
2, 7, 67
Let o = -49 + 53. Suppose -2*x + 11 + 91 = 4*c, -4*c = -o. List the prime factors of x.
7
List the prime factors of (63/189)/((-2)/(-5970)).
5, 199
Suppose 9*g = 8 - 62. Let s(d) = -2*d**3 - 4*d**2 + 7*d + 15. List the prime factors of s(g).
3, 29
Let t = 816 + -91. List the prime factors of t.
5, 29
Let m = 201 - -876. What are the prime factors of m?
3, 359
Let h be 6/10 - 46545/75. Let w be (-6)/(-4)*h/15. Let m = -30 - w. List the prime factors of m.
2
Let l(f) = -f**2 + 5*f + 5. Suppose 15 - 6 = 3*d. Let m be l(d). Suppose 3*s - 22 = m. What are the prime factors of s?
11
List the prime factors of (-9)/((-108)/2586) + 2/(-4).
5, 43
Suppose 940*q - 5922 = 919*q. What are the prime factors of q?
2, 3, 47
Suppose -o = -12*o + 1606. List the prime factors of o.
2, 73
Let n(w) be the first derivative of 22*w**2 + w + 2. List the prime factors of n(2).
89
Let v(c) = -10*c - 7. Let m(g) = 21*g + 14. Let i(q) = 6*m(q) + 13*v(q). Let p be i(6). Let t = p - -43. List the prime factors of t.
2, 3
Let q(s) = s**2 + 5*s + 7. Suppose 0 = b - 5*j - 9, 0*b - 3*b - 3 = -5*j. Let g be q(b). What are the prime factors of 149/5 - g/(-65)?
2, 3, 5
Suppose 4*u = 5*z - 0*u + 8, -z + 2 = -2*u. Let r be (z/(-10))/(9/90). Suppose 0*o - 129 = -5*p + r*o, -p + 13 = -4*o. List the prime factors of p.
29
Let w(x) = 9*x**2 - 3*x - 6. List the prime factors of w(-7).
2, 3, 19
Let u(n) be the third derivative of 73*n**6/120 + n**4/12 - n**3/6 + 23*n**2. List the prime factors of u(1).
2, 37
Let q = -24 + 34. Let x = q + -8. List the prime factors of x.
2
Let c be (-176)/(-24)*(-6)/(-1). Suppose m + 2*f - 3 - c = 0, 0 = -3*m + 2*f + 125. Let b = 82 - m. List the prime factors of b.
3, 13
Suppose 3*q - 6 - 6 = 0, 3*h - 560 = -2*q. What are the prime factor